te?
True
Suppose 7*d + 22 = r + 4*d, 3*r - 87 = 2*d. Is r prime?
True
Let r = 3177 + -2014. Is r composite?
False
Let a be ((-2)/(-4))/((-3)/(-6)). Suppose -4 = -2*g - 2*y, -3 - a = -g + y. Suppose 748 = 7*d - g*d. Is d a composite number?
True
Let u(x) = -2499*x + 76. Is u(-3) a composite number?
False
Let g = 584 + -349. Is g prime?
False
Is 12/(-60) - 67698/(-15) a prime number?
True
Let h(u) be the third derivative of 7*u**6/360 + 7*u**5/120 + u**4/3 + 5*u**2. Let f(j) be the second derivative of h(j). Is f(5) a prime number?
False
Suppose 17 = 3*z - 3*x - 1, 4*z + 3*x = 10. Let v be 6/z*140/42. Suppose 9*a - 4*a + 195 = v*d, -d + 4*a = -45. Is d a prime number?
True
Let x(y) = -34*y + 15. Let v(z) = z - 14. Let t be v(6). Is x(t) prime?
False
Suppose -3539 = -x + 6184. Let m = x + -6784. Is m prime?
True
Let i(l) = l**2 - l - 8. Let s be i(7). Let v = s - 1. Is v composite?
True
Let w(h) be the second derivative of h**3/6 + 5*h**2/2 + 4*h. Let z be w(0). Suppose z*q + 10 = 0, -p + 3*q + 80 = -141. Is p a composite number?
True
Let a = 324 + -114. Suppose 3*n + o = -234, -5*o - 590 = 5*n - a. Let r = 170 + n. Is r prime?
False
Let l = 39 + -33. Suppose -3*w = 3*y - l, 0 + 3 = -w + 4*y. Let k = 296 - w. Is k prime?
False
Let z(w) = -3870*w - 245. Is z(-5) a composite number?
True
Let c = -18 - -14. Is -2 - -2*(-746)/c a composite number?
True
Suppose k + k - 16 = 0. Suppose -13*x = -k*x + 19720. Is -1 + 7/((-28)/x) composite?
True
Suppose -5*z - 49909 = -2*m, 0 = 7*m - 8*m - z + 24972. Is m composite?
False
Let t be (-106)/(20/(-4) + 7). Let f be (-2)/(-2) - 610/2. Let y = t - f. Is y composite?
False
Is (-348262)/(-5) + (330/(-50))/(-11) a composite number?
False
Let f(w) = w. Let b = -4 - -9. Let s be f(b). Suppose s*o - 4*o - 43 = -4*z, 2*z + 8 = 0. Is o prime?
True
Let t = 3831 - 1849. Is (-4)/(-6) + t/6 + -2 a composite number?
True
Let w = -1407 - -564. Let v = 1522 + w. Is v prime?
False
Let o(q) = -4*q**3 + q**2 + 7*q. Let u be o(5). Let n = -249 - u. Is n a prime number?
True
Suppose -16 = -y + 2*c, 5*y - 2*y - 3*c - 39 = 0. Suppose 0 = -3*r + y*r - 7049. Is r composite?
True
Let r = -43 + 43. Suppose -3*u + 419 = -r*u - f, 0 = -f + 4. Is u a composite number?
True
Let h be 2 + 1 - (5 + -5). Let n(z) = 5*z - 10. Let q be n(h). Suppose q*o - 4*g - g = 1255, 0 = -2*o - 5*g + 523. Is o a prime number?
False
Let r = -160 + 495. Let m be ((-1594)/(-4))/((-7)/(-14)) + 5. Let f = m - r. Is f composite?
False
Let f(p) = p**3 + 6*p**2 - 6*p + 5. Let j be f(-7). Is (-2)/1*(1 - (-649)/j) a composite number?
False
Is 37804/5 - (372/(-60) - -6) a prime number?
True
Let u = -542 + 216. Let a = u - -1619. Is a a prime number?
False
Suppose -100 = 46*l - 42*l. Is 5/(l/(-955)) + 0 composite?
False
Let n(u) be the first derivative of u**2 + 3*u - 2. Let r be n(0). Suppose -2*o = 2*a - 22, -a + 2*o = r*a - 56. Is a composite?
False
Let f = -3189 - -6534. Suppose -36*c = -39*c + f. Is c prime?
False
Let j(p) = p**3 - 12*p**2 - 18*p - 7. Suppose -5*y = 4*t - 13, 2*t = -2*t + 5*y + 3. Suppose 0*g = t*g - 28. Is j(g) prime?
False
Let q(y) = y - 1. Let a be q(8). Let k(p) = 19*p**2 - 6*p - 12. Is k(a) prime?
True
Let u = 58 + -56. Is u/(-6) - (-7064)/6 prime?
False
Let c = 49990 - 33047. Is c a prime number?
True
Let c(m) = -5*m**2 + 7*m**2 + 871 - 3*m**2 - 2*m. Is c(0) composite?
True
Is (0/2 - 8) + 33537 prime?
True
Let a(r) = 3*r**2 + 2*r - 5. Let g(x) = -x**2 - x - 1. Let i(k) = -a(k) - 2*g(k). Let b be i(-3). Let u(d) = -8*d**3 + d**2 - 1. Is u(b) a prime number?
True
Let n = 134 + -90. Is ((-18)/(-8) + 3/6)*n a prime number?
False
Let i(h) = -5936*h**3 - 5*h - 4. Is i(-1) prime?
False
Let w be 8/(-28) + (-2)/(-7). Suppose -c + 0*p + 319 = 2*p, w = 3*c - 3*p - 975. Is c a composite number?
True
Let k(m) = -m**2 - 5*m - 3. Let x be k(-5). Is (-3727)/x + 12/18 prime?
False
Let q = 21389 - 9810. Is q a prime number?
True
Suppose 4*d + 15 = -21. Let o = 0 + d. Is 58 - o*1/(-3) a composite number?
True
Suppose 36*h + 665392 = 2284564. Is h prime?
False
Let h be 72/20 + (-2)/(-5). Let p(d) = 256*d - 1 - 96*d - 5 - 1. Is p(h) a prime number?
False
Let d = -9753 - -32020. Is d prime?
False
Let t = -28 - -19. Let b(y) = 2*y**2 - 2*y + 31. Is b(t) a prime number?
True
Let a(v) = -2*v - 80. Let c be a(0). Let g = c - -383. Is g a composite number?
True
Suppose w = -3*w. Suppose -i + 559 + 70 = w. Is i prime?
False
Let d(i) = 9 + 10 - 14 + i. Let l be d(-3). Suppose -3*j = l*j - 1055. Is j a composite number?
False
Suppose 5*i - 18 = 3*f, 0*i + f - 2 = -i. Let a(q) = q**3 - 41*q**2 + 2. Let m be a(41). Suppose t - 345 = m*u + i*u, 3*t + 4*u - 997 = 0. Is t a prime number?
False
Suppose 3*c - 9 = 0, -3*c + 8016 = 3*r - 2*c. Suppose -r = 5*j - 386. Let b = -220 - j. Is b prime?
False
Let g(t) = 54*t**2 + 91*t - 23. Is g(-32) prime?
True
Let a(h) = 3381*h**2 - 6*h + 2. Is a(1) composite?
True
Suppose d = -2, 5*l - 4*d - 19 = -2*d. Suppose 5*v - y = -519 + 6854, 3*v - 3801 = l*y. Is v composite?
True
Let a(v) = 149*v**3 + 18*v**2 - 14*v + 76. Is a(7) a composite number?
True
Suppose 3*j = 5*s - 32, 5*s + 2*j - 10 - 2 = 0. Suppose -2*h + 4*c + 1338 = 0, 0 = s*h + 3*c - c - 2726. Is h a prime number?
False
Let q(t) = -t**2 - 11*t + 2333. Is q(0) composite?
False
Let b = -12531 - -22942. Is b composite?
True
Let j be 674/(4/10*120/384). Suppose -37364 = -12*h + j. Is h a composite number?
True
Let a = -6716 - -11615. Suppose -3*c = 4*n - 3910, 5*n - c - a = c. Is n composite?
True
Suppose -26*b + 15*b = -9515. Is b a prime number?
False
Let y be 2*(-3 - (-2090)/4). Suppose -n + 3*w - y = -3578, -5023 = -2*n - 5*w. Suppose 17*z - 13*z = n. Is z prime?
True
Let s(p) = p**3 - 8*p**2 - 3*p + 4. Let k be s(8). Let d = k + 25. Suppose 0 = -d*q + 839 + 1066. Is q prime?
False
Let i = 22 + -25. Let j be (-2 + (i - 2))*-35. Suppose -65 = -5*x + j. Is x a prime number?
False
Suppose -3*t = 3, -2*t - 2*t = 3*g + 43. Let s = -9 - g. Suppose -n = s*n - 895. Is n prime?
True
Is ((-9)/(-27))/((-4)/(-58332)) a composite number?
False
Suppose 10*g - 23628 = -2*g. Let c = -612 + g. Is c prime?
False
Suppose 5*m = 132745 + 101700. Is m prime?
True
Let w = -27 - -32. Let g be (184/10 - -2)*w. Let b = g + 315. Is b composite?
True
Let v = 95 - -13. Let o = v + -19. Is o prime?
True
Is 5*24/(-200) + (-215312)/(-20) a prime number?
False
Suppose -3 = -3*a + 2*c, 0*a - c + 5 = 5*a. Suppose 0 = 4*t + 3*r - 0 - a, 19 = -2*t + 5*r. Let s(h) = 47*h**2 - h + 1. Is s(t) a composite number?
False
Let o = -533 + 1592. Let p = -713 + o. Is p a composite number?
True
Suppose 7363 = h - 3*p, 5*h - 36779 = 35*p - 38*p. Is h composite?
True
Suppose 0 = z + 2*y - 8, -2*z - 4*y + 34 = z. Let f = 23 - z. Suppose -3*w + 55 = -4*p, 0*p - 3*p = f*w - 111. Is w prime?
False
Let m(q) = 582*q - 1. Let a(b) = 2*b**2 - 4*b - 13. Let t be a(4). Is m(t) a composite number?
True
Suppose 256*l - 16724 = 252*l. Is l composite?
True
Let s(b) = 236*b + 9. Let p(z) = z**2 + 3*z - 14. Let l be p(3). Is s(l) a prime number?
True
Suppose -32061 - 74583 = -12*h. Is h prime?
True
Let d(v) = 202*v**2 + 5*v - 2. Let g(t) = -t**3 - 2*t**2 + t - 1. Let l be g(-2). Is d(l) composite?
False
Let j(i) = -i**3 + 7*i**2 - 5. Let g be j(7). Suppose 3*a - 3*p + 21 = 7*a, -61 = -4*a + 5*p. Let r = a - g. Is r a prime number?
False
Let b(l) = -25*l - 24. Let h(f) = 25*f + 23. Let x(v) = -4*b(v) - 3*h(v). Is x(14) a prime number?
False
Suppose -w = -6*w + 210. Suppose w = 6*j + 18. Is (j/6)/(2/1257) a prime number?
True
Let n(m) = 4*m + 3143. Let o be n(0). Let x = 6082 - o. Is x composite?
False
Let m(z) = z**3 - 4*z**2 - 2*z + 7. Let r be m(3). Is 12139/9 - r/36 composite?
True
Let g = -7 - -3. Let k(n) be the first derivative of -4*n**2 + 3*n + 47. Is k(g) composite?
True
Suppose 5*c - 62960 = -3*n + 226739, -n - 57943 = -c. Is c prime?
False
Is (-1 - -14303) + (-1 - -2) prime?
True
Let c(n) = 12*n**2 - n - 54 + 59*n**2 + 32 + 41. Is c(4) a prime number?
True
Let q be 53/5 + (-2)/(-5). Let d = q + 3. Is d a prime number?
False
Let a(i) = -1580*i - 233. Is a(-3) a prime number?
True
Let p(a) = -84*a + 79. Is p(-12) a composite number?
False
Let n(b) = 430*b - 472. Is n(11) composite?
True
Let d = 147 + -140. Is d a composite number?
Fal